
In base 13, what is -9095 + 1?
-9094
In base 8, what is 1331 - -472?
2023
In base 12, what is -114 + 74a?
636
In base 15, what is 35 - 1e1?
-1ab
In base 8, what is 2630 - -1705?
4535
In base 15, what is 49e - 6b4?
-215
In base 16, what is -4 + -c72?
-c76
In base 2, what is 111111000000 + 10110?
111111010110
In base 16, what is -54 - c40?
-c94
In base 8, what is 11 - 20424?
-20413
In base 8, what is 62 + 553?
635
In base 5, what is -4 + -14102203?
-14102212
In base 10, what is -1616 - -93?
-1523
In base 16, what is -d6 - 1b?
-f1
In base 7, what is -2203 + -21?
-2224
In base 2, what is -101 - 1011000010101111?
-1011000010110100
In base 6, what is -2412442 - 23?
-2412505
In base 8, what is -435 - 22655?
-23312
In base 5, what is -333 - 2041?
-2424
In base 16, what is 532 - 3a?
4f8
In base 8, what is 147437 + -23?
147414
In base 5, what is 10 - 43304?
-43244
In base 8, what is 25 - 61005?
-60760
In base 11, what is -5 - -1400?
13a6
In base 14, what is 4 + -388?
-384
In base 13, what is 112c - -56?
1185
In base 8, what is 0 - -5255257?
5255257
In base 15, what is 470 - 28b?
1d4
In base 7, what is 3 + 555422?
555425
In base 16, what is 1ac - -57?
203
In base 15, what is 68 - -eb1?
1029
In base 2, what is -10000000 + -101001010101?
-101011010101
In base 9, what is 3 + -15336?
-15333
In base 7, what is 432606 - 65?
432511
In base 8, what is 60 - 3770?
-3710
In base 9, what is -4 - -38418?
38414
In base 5, what is -1311 + 1300?
-11
In base 10, what is 27 - -4989?
5016
In base 13, what is -c7a - -20?
-c5a
In base 13, what is 133a + -5?
1335
In base 13, what is 39cb + -9?
39c2
In base 2, what is 10101100111001011 - -111?
10101100111010010
In base 5, what is -3 + 20132123?
20132120
In base 4, what is -21212120 + -10?
-21212130
In base 3, what is 10200 - -11011?
21211
In base 2, what is 100101100111110 - -110000?
100101101101110
In base 15, what is 58b35 + 4?
58b39
In base 13, what is -1917 + -16?
-1930
In base 8, what is -646 + 363?
-263
In base 10, what is 357840 - -2?
357842
In base 6, what is -4 + -332345?
-332353
In base 14, what is 161204 + -3?
161201
In base 9, what is 31 + -18072?
-18041
In base 3, what is -11 - -1020200022?
1020200011
In base 6, what is -1233 + 155?
-1034
In base 16, what is -808ba - 4?
-808be
In base 11, what is -4737 - 382?
-5009
In base 10, what is 4 - 458679?
-458675
In base 15, what is 0 - 21e08?
-21e08
In base 11, what is -1805164 + 4?
-1805160
In base 3, what is 20021110222 + 0?
20021110222
In base 11, what is 0 + 1141081?
1141081
In base 16, what is -248 - -46?
-202
In base 14, what is -5 + -58a9?
-58b0
In base 3, what is -1122121202120 - -1?
-1122121202112
In base 2, what is 1101110011100 + 1010?
1101110100110
In base 2, what is 11111001011101010 + -10?
11111001011101000
In base 8, what is 6 + 313326?
313334
In base 14, what is -db + 843?
746
In base 2, what is -111111100110 + 100110?
-111111000000
In base 16, what is 6 - -195e?
1964
In base 9, what is 1 + -14244?
-14243
In base 5, what is -44444 - 24?
-100023
In base 5, what is -4424 + 12?
-4412
In base 16, what is 5 + -962c?
-9627
In base 3, what is 10 + -120220001?
-120212221
In base 6, what is -10553432 - 14?
-10553450
In base 3, what is -2022 + 1001210?
222111
In base 15, what is 5 - -122b0?
122b5
In base 2, what is 1111 - -11101101110001111?
11101101110011110
In base 14, what is 2db + -18c?
14d
In base 5, what is -232 + -2101?
-2333
In base 3, what is 10011 - -2121111?
2201122
In base 3, what is 101001110 - 12212?
100211121
In base 9, what is 8 - -24558?
24567
In base 9, what is -121007 + 4?
-121003
In base 9, what is 87 + -1115?
-1017
In base 11, what is -5309 + 10?
-52a9
In base 9, what is 4677 - 15?
4662
In base 3, what is -221 + -1101011?
-1102002
In base 11, what is 54 - -13114?
13168
In base 13, what is -1 + -ba7c?
-ba80
In base 6, what is 2 - -142441?
142443
In base 16, what is 58 + 361f?
3677
In base 9, what is -586545 + 0?
-586545
In base 2, what is 11001000 - -101101011?
1000110011
In base 9, what is -4 - -15627?
15623
In base 9, what is -2857 + -262?
-3230
In base 14, what is 11 - -4c00?
4c11
In base 13, what is 0 + -96363?
-96363
In base 7, what is 1436331 + -1?
1436330
In base 6, what is -24153453 + 1?
-24153452
In base 16, what is 158c7 - 4?
158c3
In base 16, what is 50f8d4 - 3?
50f8d1
In base 9, what is -7 - 37?
-45
In base 16, what is 97500 - 4?
974fc
In base 3, what is -1111 + 110022222?
110021111
In base 13, what is -58 - -110?
85
In base 4, what is 1020210013 - -11?
1020210030
In base 12, what is -3 + bb76a?
bb767
In base 6, what is 4 - -444323?
444331
In base 7, what is 1 - 111311?
-111310
In base 4, what is 3320221 - -3?
3320230
In base 10, what is 2 + 10446?
10448
In base 4, what is -11102232113 + 11?
-11102232102
In base 13, what is -a78 - -3?
-a75
In base 16, what is c - -2593?
259f
In base 4, what is -11021 + 1102?
-3313
In base 3, what is -221110120022 - 11?
-221110120110
In base 13, what is -1 + 1ac5?
1ac4
In base 8, what is -3356 + -22?
-3400
In base 13, what is -72 + -4a3?
-545
In base 8, what is 477700 - -1?
477701
In base 12, what is -121 - -9b?
-42
In base 16, what is 116 + 3f7?
50d
In base 2, what is 100110010111 - -1000000110?
101110011101
In base 9, what is -501632 + 4?
-501627
In base 7, what is -124440 - 3?
-124443
In base 16, what is 11c59 + -4?
11c55
In base 10, what is 17 - -5992?
6009
In base 15, what is 2688 - -bb?
2754
In base 15, what is -21cd63 - 2?
-21cd65
In base 4, what is 13 + 20030311?
20030330
In base 6, what is 103 + 43214?
43321
In base 3, what is 10020002 - 12?
10012220
In base 3, what is -22100 - -1120222021?
1120122221
In base 13, what is -3028 - -19?
-300c
In base 15, what is -11e - -1a19?
18ea
In base 6, what is 3 - 420035?
-420032
In base 3, what is -2121 + 211212?
202021
In base 9, what is -220 - 11071?
-11301
In base 7, what is 22530 + 0?
22530
In base 5, what is 230214 - -1404?
232123
In base 4, what is -1300 - -20002?
12102
In base 14, what is -1d + -10c5?
-1104
In base 15, what is -7 + -1b48?
-1b50
In base 6, what is -4 - -201?
153
In base 6, what is 1204 - 110?
1054
In base 8, what is 7 - -5726?
5735
In base 15, what is -14b - 18?
-164
In base 8, what is -6 - -3041363?
3041355
In base 10, what is 5 - -5770?
5775
In base 10, what is -18296 - 0?
-18296
In base 3, what is -12 + -110221222202?
-110221222221
In base 4, what is 121020030 - 22?
121020002
In base 5, what is 1 + -3330202?
-3330201
In base 3, what is -1 + -1001212?
-1001220
In base 12, what is -2 - -170a7?
170a5
In base 14, what is -1036 - -4b?
-dc9
In base 16, what is 17d - 78?
105
In base 15, what is 1bbb + -5?
1bb6
In base 8, what is 14 + 2207?
2223
In base 9, what is 2406 - 4?
2402
In base 3, what is 12112 - 111210?
-22021
In base 16, what is 6aa6f + 3?
6aa72
In base 15, what is 186b1 + -7?
186a9
In base 13, what is -529 - 51?
-57a
In base 14, what is -4535 - -5?
-4530
In base 3, what is 11111010222 - -121?
11111011120
In base 10, what is 89 - 683?
-594
In base 6, what is 255241 - 120?
255121
In base 3, what is 122022222 - -10?
122100002
In base 16, what is 4 + 1ac64?
1ac68
In base 11, what is -26977 - 34?
-26a00
In base 5, what is -44104443 - -1?
-44104442
In base 4, what is -11 + -3012310?
-3012321
In base 16, what is -2 + 5b3?
5b1
In base 11, what is -5 + -4949?
-4953
In base 6, what is 424 + 151?
1015
In base 6, what is 1 + -243445?
-243444
In base 13, what is ca + -c0?
a
In base 9, what is -151 - 2230?
-2381
In base 5, what is 43032 - 10331?
32201
In base 14, what is 4 + 3d14?
3d18
In base 5, what is -343004 + 14?
-342440
In base 8, what is 2 - 714220?
-714216
In base 16, what is ce3 - -2c?
d0f
In base 11, what is -6901 + -41?
-6942
In base 15, what is 2b2 + 262?
524
In base 8, what is -4 - 144364?
-144370
In base 13, what is -3 - -3068?
3065
In base 3, what is -22022201 + 10?
-22022121
In base 10, what is 91 - 23550?
-23459
In base 13, what is 133 - 2c38?
-2b05
In base 6, what is -2 + 5101455?
5101453
In base 9, what is -130 - -373?
243
In base 12, what is 27 - -4a55b?
4a586
In base 12, what is 5a2b3 - 1?
5a2b2
In base 6, what is -3324005 - -4?
-3324001
In base 6, what is 2115243 + 0?
2115243
In base 15, what is -8 - 42ec?
-4305
In base 14, what is -257 - 162?
-3b9
In base 11, what is -434 + 6?
-429
In base 8, what is 2246721 - -